(-7).
-6
Let j(f) = -2*f**2 + 172*f + 1709. Determine j(-9).
-1
Let r(w) = 508*w + 27. Determine r(0).
27
Let f(t) = -t**3 - 48*t**2 - 213*t + 6. What is f(-5)?
-4
Let u(o) = -o**3 - 9*o**2 + 19*o + 12. What is u(-11)?
45
Let k(c) = 19*c - 656. Give k(43).
161
Let q(u) = 25*u**2 + 291*u + 27. What is q(-11)?
-149
Let s(d) = -77*d - 1011. What is s(-13)?
-10
Let q(d) = 47*d - 120. Determine q(9).
303
Let b(s) = s**3 - 9*s**2 + 304*s - 1737. Determine b(6).
-21
Let t(x) = 6*x - 10. What is t(3)?
8
Let p(c) = -10*c + 21. Calculate p(-9).
111
Let k(l) = -l**3 + 2*l**2 - 15*l + 22. What is k(5)?
-128
Let y(h) = -h**2 + 28*h + 745. Give y(-15).
100
Let v(l) = -2*l**2 + 56*l + 187. Determine v(-3).
1
Let t(q) = -42*q - 775. Calculate t(-21).
107
Let t(w) = -393*w - 35744. Determine t(-91).
19
Let k(j) = -j**3 - 42*j**2 - 58*j - 699. What is k(-41)?
-2
Let b(i) = -i**3 - 8*i**2 + 120*i - 130. What is b(-16)?
-2
Let y(t) = -10*t - 328. Give y(15).
-478
Let q(t) = -t**3 - 41*t**2 + 89*t - 129. Give q(-43).
-258
Let p(i) = i**2 + 38*i + 350. Calculate p(-35).
245
Let v(x) = -1147*x + 21792. What is v(19)?
-1
Let l(k) = -243*k + 50. Determine l(-2).
536
Let l(u) = u**3 + u**2 + 3*u + 1. Determine l(4).
93
Let i(m) = 4*m**2 + 15*m - 17. Determine i(-6).
37
Let i(j) = -94*j - 3222. Determine i(-34).
-26
Let p(i) = -50*i + 343. Determine p(8).
-57
Let k(o) = -29*o - 79. Determine k(-1).
-50
Let y(c) = -36*c - 3544. Give y(-98).
-16
Let r(h) = 91*h + 30. What is r(-1)?
-61
Let i(b) = 12*b**2 + 1407*b + 346. Calculate i(-117).
-5
Let n(i) = 2*i**2 + 139*i + 1245. Determine n(-59).
6
Let f(d) = -283*d - 5377. Give f(-19).
0
Let a(d) = 2*d**2 + 262*d + 8542. Determine a(-61).
2
Let q(x) = -2*x**2 - 180*x - 941. Calculate q(-5).
-91
Let j(a) = -a**3 - 11*a**2 - 207*a - 1866. Determine j(-10).
104
Let c(k) = 4322*k - 34580. Give c(8).
-4
Let u(o) = 31*o - 3328. Calculate u(107).
-11
Let l(t) = -t**3 - 73*t**2 - 68*t + 447. Give l(-72).
159
Let y(j) = j**3 + 40*j**2 + 245*j + 454. What is y(-33)?
-8
Let v(g) = 72*g**2 - 3*g. What is v(2)?
282
Let b(k) = -k**2 - 86*k - 1197. What is b(-66)?
123
Let i(h) = h**3 + 26*h**2 + 17*h - 10. Calculate i(-25).
190
Let g(x) = -120*x + 15841. Calculate g(132).
1
Let w(v) = -v**3 + 28*v**2 + 100*v + 904. What is w(32)?
8
Let t(r) = 109*r + 3602. Calculate t(-33).
5
Let o(u) = 9393*u + 9398. Determine o(-1).
5
Let n(k) = -10*k**2 + 49*k - 154. Determine n(3).
-97
Let g(x) = x**3 - 2*x**2 - 34*x + 75. Give g(5).
-20
Let k(x) = 5*x + 15. Calculate k(-6).
-15
Let u(z) = -z**3 - 59*z**2 - 871*z - 29. Determine u(-30).
1
Let b(o) = 58*o - 47. What is b(-2)?
-163
Let y(g) = -2*g**2 - 185*g - 114. Determine y(-91).
159
Let j(r) = -4*r**3 + 2*r**2 - 25*r + 23. Determine j(1).
-4
Let v(u) = -2*u**3 - 211*u**2 + 106*u + 81. Determine v(-106).
81
Let x(j) = -56*j + 193. What is x(-2)?
305
Let g(y) = -2*y**3 - 2*y**2 - 20*y + 10. What is g(0)?
10
Let x(o) = -13*o**2 - 92*o + 445. What is x(5)?
-340
Let n(d) = d**3 - 17*d**2 - 35*d + 350. Give n(18).
44
Let h(q) = -3*q**3 + 30*q**2 - 8*q - 15. What is h(10)?
-95
Let d(c) = 2*c**2 + 8*c - 224. Give d(-13).
10
Let j(y) = -y**3 - y**2 - 11*y - 51. Calculate j(-3).
0
Let x(g) = 44*g**2 - 653*g - 1611. What is x(17)?
4
Let j(g) = 1766*g + 45910. Determine j(-26).
-6
Let s(n) = 17*n**2 - 2*n - 8. Calculate s(-4).
272
Let k(c) = 74*c + 220. What is k(-3)?
-2
Let y(o) = o**3 + 18*o**2 + 35*o + 35. What is y(-16)?
-13
Let c(u) = -392*u**2 - 52133*u + 403. What is c(-133)?
4
Let a(r) = r**3 + 26*r**2 + 99*r - 144. What is a(-21)?
-18
Let b(n) = 2*n**3 - 28*n**2 - 51*n - 8. Calculate b(16).
200
Let s(n) = -4*n**2 + 1403*n + 35976. Determine s(-24).
0
Let t(l) = 21*l**2 - 326*l + 186. Give t(15).
21
Let p(v) = -v**2 + 142*v - 4023. Calculate p(39).
-6
Let a(p) = -5*p**2 + 382*p - 532. What is a(75)?
-7
Let f(d) = 82*d - 1466. Give f(18).
10
Let q(k) = 9*k + 1426. Determine q(-82).
688
Let p(s) = 1327*s + 2700. Calculate p(-2).
46
Let i(h) = -18*h**2 + 6*h - 19. Calculate i(7).
-859
Let z(x) = -7*x - 55. Determine z(2).
-69
Let z(y) = y**2 - 14*y - 275. Calculate z(-11).
0
Let j(r) = -990*r + 70282. Determine j(71).
-8
Let r(g) = -112*g - 94. What is r(-6)?
578
Let t(d) = -2*d**2 - 484*d - 28828. Determine t(-136).
4
Let x(d) = -d**3 + 7*d**2 + 484*d - 4198. Determine x(9).
-4
Let y(l) = -316*l + 323. Calculate y(1).
7
Let t(y) = -1913*y + 11528. What is t(6)?
50
Let m(q) = 100*q + 1802. Calculate m(-18).
2
Let n(x) = -2*x**3 + x**2 + 199*x - 201. Determine n(1).
-3
Let s(g) = 88*g + 90. Determine s(-1).
2
Let y(j) = 317*j + 1719. Give y(-7).
-500
Let i(o) = -2*o**2 - 63*o - 399. What is i(-20)?
61
Let v(k) = -1264*k - 12635. What is v(-10)?
5
Let y(s) = -3*s**3 - 21*s**2 - 14*s + 17. Give y(-6).
-7
Let r(j) = j**3 + 15*j**2 - 27*j - 186. Determine r(-16).
-10
Let w(d) = d**2 + 34*d + 300. What is w(-18)?
12
Let j(m) = 1716*m + 34316. Determine j(-20).
-4
Let l(v) = 284*v + 3117. Determine l(-11).
-7
Let i(z) = -6*z**2 - 2*z - 2. Determine i(-3).
-50
Let i(h) = -h**2 + 6*h - 17. Give i(2).
-9
Let z(s) = -25*s - 1024. Calculate z(-41).
1
Let x(w) = -69*w + 603. Give x(13).
-294
Let j(t) = t**2 + 702*t - 2824. Give j(4).
0
Let n(i) = i**3 + 15*i**2 - 69*i + 2. What is n(5)?
157
Let y(s) = 14843*s - 89062. Determine y(6).
-4
Let u(k) = -k**3 + 5*k**2 + 260*k - 1297. Give u(5).
3
Let r(h) = -22*h**2 - 430*h - 41. Determine r(-19).
187
Let n(a) = a**3 + 79*a**2 + 288*a + 4. Determine n(-4).
52
Let t(q) = -2*q**2 + 8*q + 23. What is t(5)?
13
Let k(i) = -i**3 + 10*i**2 - 25*i + 16. Give k(7).
-12
Let q(n) = 79*n**3 + n**2 - 2*n + 2. Give q(1).
80
Let l(m) = 4*m + 368. Give l(-36).
224
Let g(b) = 151*b**2 - 583*b - 83. What is g(4)?
1
Let n(k) = -5*k**3 + 76*k**2 + 29*k - 662. What is n(15)?
-2
Let b(k) = k**3 + 9*k**2 - 1097*k - 8835. Calculate b(-8).
5
Let m(k) = -5*k**2 - 66*k + 7. Give m(-14).
-49
Let w(u) = -2*u + 36. What is w(15)?
6
Let o(w) = 16*w - 416. What is o(29)?
48
Let b(d) = -25*d**2 + 7. Determine b(-3).
-218
Let f(w) = -3*w**3 - 36*w**2 + 8*w + 115. Give f(-12).
19
Let s(z) = 23*z - 1244. Determine s(54).
-2
Let h(k) = -17*k + 256. What is h(15)?
1
Let p(f) = 2*f**3 - 72*f**2 + 14*f - 504. Determine p(36).
0
Let u(t) = -88*t - 4583. Calculate u(-52).
-7
Let p(d) = -d**3 - 16*d**2 + 19*d + 48. Determine p(-17).
14
Let b(m) = 17*m**2 - 1139*m + 5. Give b(67).
5
Let c(n) = n**2 + 38*n - 1088. Give c(-57).
-5
Let k(t) = 3*t**2 - 14*t + 30. Give k(5).
35
Let s(f) = 7*f**2 - 7*f - 20. Determine s(-2).
22
Let h(y) = 5*y + 326. Give h(-8).
286
Let q(c) = -c**2 + 44*c + 1234. Give q(-19).
37
Let x(m) = 7*m + 305. Calculate x(-35).
60
Let u(k) = k**2 - 11*k + 20. Give u(9).
2
Let a(t) = -2*t**3 + 7*t**2 - 17*t + 32. Determine a(2).
10
Let o(h) = -54*h**3 - 17*h**2 + 21*h - 2. What is o(1)?
-52
Let p(w) = -6*w**2 - 266*w - 53. Calculate p(-44).
35
Let n(l) = l**2 - 105*l - 789. What is n(112)?
-5
Let s(a) = 23*a - 240. Determine s(11).
13
Let x(m) = -745*m - 3041. Give x(-4).
-61
Let c(h) = 24*h**2 + 71*h - 71. Give c(1).
24
Let r(t) = -42*t + 8223. Calculate r(197).
-51
Let n(g) = 3*g**3 - 11*g**2 + 4*g + 9. What is n(2)?
-3
Let u(v) = -v**3 - 3*v**2 + 33*v + 21. Give u(5).
-14
Let p(s) = 17*s**2 - 2242*s - 251. Determine p(132).
13
Let f(a) = a**3 + 12*a**2 - 32*a - 261. Give f(-13).
-14
Let k(u) = u**3 + 23*u**2 - 72*u + 153. Calculate k(-26).
-3
Let n(l) = 3209*l**2 - 32090*l - 2. What is n(10)?
-2
Let y(p) = -12*p - 68. What is y(1)?
-80
Let q(s) = -36*s - 25. Calculate q(3).
-133
Let u(x) = -25*x + 363. Determine u(17).
-62
Let h(l) = 170*l - 9. What is h(2)?
331
Let j(a) = 107*a + 624. What is j(-5)?
89
Let x(l) = -l**3 + 52*l**2 + 99*l + 473. Determine x(54).
-13
Let h(p) = -p**2 + 47*p - 479. Give h(33).
-17
Let p(y) = -y**2 - 42*y + 2885. Determine p(-79).
-38
Let x(b) = -50*b**2 - 35*b + 35. Give x(1).
-50
Let y(a) = -a**3 + 5*a**2 + 51*a + 62. Calculate y(-4).
2
Let a(i) = i**2 - 17*i + 55. Give a(5).
-5
Let w(f) = 7*f - 225. Determine w(33).
6
Let g(u) = -42*u - 48. What is g(-8)?
288
Let f(z) = -z**3 - 69*z**2 - 688*z - 11. Determine f(-12).
37
Let k(n) = -3*n**3 + 5*n**2 - 17*n + 24. Give k(3).
-63
Let s(o) = 2*o**2 + 68*o - 13546. What is s(67)?
-12
Let y(d) = -2*d**3 + 19*d**2 + 16*d 